t + 10 = 0, -4*n + n + 44 = -t. Calculate the greatest common divisor of n and 117.
13
Let v = 191 - 125. What is the highest common factor of v and 22?
22
Let f = -84 + 91. Calculate the greatest common factor of 1 and f.
1
Let y be 1/((-4)/192*-6). What is the highest common divisor of y and 12?
4
Let u(o) = 3*o**2. Let x be u(-1). Suppose 4*f = x*f + 5*p - 12, p = 2*f - 3. What is the highest common divisor of f and 1?
1
Let q(m) = 14*m - 16. Let z be q(3). What is the highest common divisor of z and 182?
26
Let c(l) = l**3 - 15*l**2 - 36*l + 48. Let p be c(17). Let q be 2*2*(-14)/(-8). Let b = 0 + q. Calculate the highest common divisor of b and p.
7
Suppose f - 36 = -f. Let i = -6 + f. What is the greatest common divisor of 3 and i?
3
Suppose -16 = 3*x - 7*x. Suppose 0*f = -3*f + 48. What is the greatest common factor of f and x?
4
Suppose 0 = 4*a - 90 - 262. Suppose 3*v + 4*d - 12 = 8*d, 2*v = -5*d + 31. Calculate the greatest common factor of a and v.
8
Let i be 2/(-4) - (-2)/4. Let t = i - -2. Suppose 4*g - 7*x - 13 = -t*x, 4*x = 4*g - 12. What is the greatest common divisor of 22 and g?
2
Let t(l) = 3*l**2 - 7*l + 8. Let m be t(5). What is the greatest common divisor of 6 and m?
6
Let x = -5 + 3. Let d(u) = u**3 - u**2 + u - 1. Let y be d(1). Let j be (x - y)*33/(-6). What is the highest common divisor of 77 and j?
11
Suppose -5*c + 31 = -9. Let v = c + -5. Suppose 4*j - 87 = -3*z, -2 + 56 = 2*j - 2*z. Calculate the highest common divisor of v and j.
3
Suppose h = 2*j + 78, 101 = 2*h + 2*j - 37. Suppose 4 = b - 0*b, -2*a + 4*b = -20. Calculate the greatest common factor of a and h.
18
Let f be 109/2 + (-1)/(-2). Let h = 14 + -8. Suppose 9 + h = 3*d. What is the highest common factor of f and d?
5
Suppose 0*q + q = -3*p - 24, -2*q = p + 23. Let v = 3 - q. What is the greatest common divisor of 6 and v?
6
Let w be (4/8)/((-2)/8). Let x be 2*(-3)/w*1. Suppose -x*c = c - 392. What is the greatest common factor of c and 14?
14
Let o(d) = 2*d**3 + 2. Let c be o(2). Calculate the highest common factor of 45 and c.
9
Let i = 31 + 90. Calculate the greatest common factor of 11 and i.
11
Let y be (28/2)/(1/(-1)). Suppose -3*d = a - 68, 0 = 5*d + 4*a + a - 100. Let k = y + d. What is the greatest common factor of k and 40?
10
Let p(f) = 5*f - 4. Let m(c) = c**2 - c + 1. Let i be m(2). Let h be p(i). Suppose u + 2*u - 231 = 0. What is the highest common factor of u and h?
11
Let y be ((-6)/(-5))/(3/50). Suppose b - 6*b = -y. Suppose b*x + 0*a - 2*a = 12, 0 = 2*x - 4*a. What is the highest common divisor of x and 28?
4
Suppose 0 = 4*p - 113 + 1. What is the highest common factor of 7 and p?
7
Let l be 48/60*(-105)/(-2). Calculate the highest common factor of 28 and l.
14
Suppose d + 15 = 5*i - 1, 2*i - 12 = -d. What is the highest common factor of 76 and i?
4
Let v(h) = -2*h**2 - 19*h - 7. Let b be v(-9). Calculate the highest common factor of 22 and b.
2
Suppose -12*q + 40 = -11*q. What is the highest common divisor of 4 and q?
4
Let w(k) = 17*k - 18. Let t be w(14). Calculate the highest common factor of t and 20.
20
Let g be (-228)/(-14) + 2/(-7). Let c(z) = 15*z**2 + 2*z - 1. Let p be c(1). What is the greatest common divisor of p and g?
16
Let c be 26/(-221) - 2/(-34)*19. Let q be 8/(-36) - 61/9. Let m be (-4)/14 - 51/q. What is the highest common factor of c and m?
1
Let l(f) = f**2 - 14*f + 2. Let w be l(14). Calculate the greatest common divisor of w and 5.
1
Let c(d) = -14*d - 14. Let o be c(-4). Calculate the greatest common factor of o and 105.
21
Suppose -6 = 5*p - 46. Let t be (-3)/(-3)*((-1)/(-1) + 0). Calculate the greatest common divisor of p and t.
1
Let w be 132/8*(-14)/(1 + -2). Calculate the highest common divisor of w and 21.
21
Suppose -u = -5*i + 22, -u = 4*i - 26 + 3. Let s be 2/u - 52/(-12). Suppose 0*r + 40 = s*r. What is the highest common divisor of r and 88?
8
Suppose 0 = -3*f + g + 3, f + 2*g = -2*f + 3. Let b be (1/9)/((-2)/(-18)). Calculate the highest common divisor of b and f.
1
Suppose -4*o + 8 - 98 = -l, -5*l - o = -471. Suppose -t + 2*h - l = -4*t, 0 = -t - 5*h + 40. Calculate the highest common factor of t and 12.
6
Let p(w) = -2*w - 6. Let d be p(-11). What is the greatest common factor of d and 8?
8
Suppose 2*f - 1 = -19. Let r(o) = -o - 6. Let a be r(f). Calculate the highest common factor of 15 and a.
3
Suppose -5*v = 1 - 11. Suppose 4*i + 2*a - 6 = 6, i - v*a - 8 = 0. Let p = 7 - -1. What is the greatest common factor of i and p?
4
Let w be 110/15 + (-1)/3. Let z = w - 2. What is the greatest common divisor of z and 10?
5
Suppose -27*j + 19 = -26*j. Calculate the highest common divisor of j and 133.
19
Suppose 2*j - z = 64, 22 = j + z + z. Calculate the highest common factor of 12 and j.
6
Let g be (-114)/(-10) - 27/(-45). What is the greatest common factor of 96 and g?
12
Let w be 1/(((-9)/(-3))/117). Suppose w = 2*b + 5*i, 3*b - i = 4*i - 4. Let p(f) = f + 1. Let o be p(0). What is the greatest common factor of b and o?
1
Let l = -28 + 84. Suppose 3*x = -x + 56. What is the greatest common divisor of x and l?
14
Let k(c) = c**3 + 8*c**2 - 10*c + 6. Let f be k(-9). Calculate the greatest common divisor of 165 and f.
15
Let u(i) = i**3 + 9*i**2 - 54*i + 5. Let p be u(-13). Let c(a) = -57*a - 1. Let k be c(-6). What is the greatest common factor of p and k?
31
Let z(g) = g**2 + g + 1. Let i be z(-1). Let c be 4 - 6 - (-10)/i. Let b = 6 - -10. What is the greatest common divisor of b and c?
8
Suppose 0 = 5*t - 28 - 37. Let z = -6 + 10. Suppose v = z*v - 39. Calculate the greatest common factor of t and v.
13
Suppose 2*v + 3*g = 176, 3*v + g - 176 = v. What is the highest common divisor of 22 and v?
22
Let c be (-282)/(-42) + (-6)/(-21). Calculate the greatest common factor of 42 and c.
7
Suppose -56 = -f - d, 0*f - 68 = -f + 2*d. Calculate the greatest common divisor of f and 10.
10
Let s(h) = h**3 - 3*h**2 - 2*h - 5. Let t be s(4). Suppose 66 = t*x - 2*x. Let b = x + -46. Calculate the highest common factor of 30 and b.
10
Suppose 5 + 13 = 3*d. Let v be 0 - (-5)/(10/d). What is the highest common factor of 12 and v?
3
Let s = 209 - 119. Suppose -3*j + 17 = -p - 11, 0 = -3*j + 2*p + 26. What is the highest common factor of j and s?
10
Let g(q) = q**2 - 1. Let r be g(-2). Let y be 17 + r - (1 + -1). Let x(u) = -u + 16. Let s be x(-4). What is the highest common divisor of y and s?
20
Let p = 5 - 2. Let b be 6/p - 2/(-2). Suppose 3*y - 111 = -3*d, 0 = 8*y - b*y - 2*d - 171. Calculate the highest common factor of 7 and y.
7
Let a(h) = -3 + 2*h - h + 26. Let j be a(0). What is the highest common factor of j and 253?
23
Let d = 4 - 2. Suppose 0 = v + s - 9, -v + 2*s + d*s = 6. What is the highest common factor of 54 and v?
6
Let z = -119 - -199. Calculate the highest common factor of 10 and z.
10
Suppose 0 = 2*f + 8. Let u(p) = p**3 + 5*p**2 + 5*p + 6. Let w be u(f). Suppose 4 = 3*k - 11. Calculate the greatest common factor of w and k.
1
Let s = -4 - -18. What is the greatest common divisor of s and 21?
7
Let v be 1/(-2)*-3*2. Suppose k = 2*m + 15 - 56, 2*k = -v*m + 72. Calculate the greatest common factor of 11 and m.
11
Suppose 3*h - 9 = -5*p + 8, -2*h = 4*p - 12. What is the greatest common factor of 16 and h?
4
Suppose 4*u = 5*d - 265, 0 = -0*d - 2*d + 3*u + 99. Calculate the highest common factor of 38 and d.
19
Let x be 4*2/(32/60). Let b = x + 6. What is the highest common factor of 231 and b?
21
Let d = -36 + 78. Suppose 0*r - d = -3*r. Suppose -2*y = -3*y + 154. What is the greatest common factor of r and y?
14
Let c = -247 - -352. Calculate the greatest common divisor of c and 35.
35
Let g(c) be the second derivative of -c**3/6 + 4*c**2 - c. Let r be g(-6). What is the highest common factor of 84 and r?
14
Suppose 5*y + 3 = 18. Suppose -2*n = y*z - 43, 43 = 2*n - 5*z + 8. Let l be -1 + (-2)/(2/(-181)). What is the highest common divisor of l and n?
20
Let t(d) = d**2 - 5*d + 10. Let w be t(-4). Calculate the greatest common factor of 138 and w.
46
Let l be (-27)/(-6)*(-1 + 13). Let t(a) = a**3 - 12*a**2 + 6*a + 9. Let o be t(12). Calculate the greatest common factor of l and o.
27
Let m = -19 + 33. What is the highest common factor of m and 154?
14
Suppose -2*p = 3*p - 140. Suppose 4*k + 0 = p. C